 - 2*z - 1. Let j be q(2). Let u(s) = s**2 - 7*s. Let v be u(j). What is the remainder when (v - -3)/(9/102) is divided by 18?
16
Suppose -56 = -2*k - 2*k. Calculate the remainder when 38 is divided by k.
10
Let a(f) = f - 3. Let s be a(6). Let t = -3 - -11. Suppose 0 = -r + s + t. Calculate the remainder when r is divided by 6.
5
Let a(i) = -i**3 - 9*i**2 + 8*i - 15. Let l(j) = 3*j**2 - 2*j. Calculate the remainder when l(-2) is divided by a(-10).
1
Suppose 0 = 4*w + 20 - 224. Suppose 4*h - 5*d - 57 = 0, -2*h - 2*d + 50 = 2*h. What is the remainder when w is divided by h?
12
Let y(j) = j**3 - 8*j**2 + 6. Calculate the remainder when 15 is divided by y(8).
3
What is the remainder when 1 - -2*8*5 is divided by 21?
18
Suppose 124 = -3*t - 56. Let w = -42 - t. What is the remainder when w is divided by 10?
8
Let v = -16 - -24. Suppose i = o + v, 4*o - 9 = 11. What is the remainder when 24 is divided by i?
11
Suppose 11 = 2*q - 13. Calculate the remainder when 45 is divided by q.
9
Calculate the remainder when 71 is divided by (12 - -1) + 3 + -5.
5
Suppose 0 = -4*x + 5*t + 85, 0 = -3*x - 2*x + 2*t + 85. Suppose 2*o + 4*y + 4 = 20, -3*o = -5*y - 24. Calculate the remainder when x is divided by o.
7
Let n = -5 - -10. Suppose -n*v + 433 = 118. Let p = -44 + v. What is the remainder when p is divided by 10?
9
Calculate the remainder when (-2758)/(-35) - (-3)/15 is divided by 22.
13
Suppose -4*w = -9*w. Suppose 3*d = -w*d. Calculate the remainder when 18 is divided by (d + -5)*(1 - 3).
8
Let k = 28 + -14. Calculate the remainder when 50 is divided by k.
8
Let i = -8 - -17. Calculate the remainder when 23 is divided by i.
5
Suppose -3*f + 133 = 4*f. What is the remainder when 70 is divided by f?
13
Suppose 0 = -0*p - 4*p - y - 9, -4*p + 1 = -y. Let u = 2 - p. What is the remainder when 8 is divided by u?
2
Let f(q) = 3*q - 14. What is the remainder when -3 + 33 + (0 - 1) is divided by f(8)?
9
Let w = 104 + -37. Suppose -13*b + 85 = -8*b. Calculate the remainder when w is divided by b.
16
Let g = 20 + -20. Calculate the remainder when 1/(1/30) - g is divided by 16.
14
Let f(o) = 2*o. Calculate the remainder when 29 is divided by f(4).
5
Calculate the remainder when 130 is divided by (-22)/(-6)*(12 + -3).
31
Suppose f + 0 - 4 = 0, -x - f + 17 = 0. Suppose 0 = 3*h - 6, 0 = -2*q + 4*h - 25 - x. Let s = q - -53. What is the remainder when s is divided by 13?
12
Suppose 97 = 5*f + 3*c - 224, 61 = f - c. What is the remainder when f is divided by 13?
11
Suppose -2*v = -4*b - 8, 4*v + 0*v - 34 = 2*b. Suppose v*t - 120 = 5*t. What is the remainder when 29 is divided by t/(-9)*(2 - 5)?
5
Suppose 0 = -4*r + 6 + 10. Calculate the remainder when 13 is divided by r.
1
Suppose 0 = 2*s - 5*s + 3. Let o be -8*((0 - 0) + s). Let h(u) = u**3 + 9*u**2 + 4*u - 5. What is the remainder when h(o) is divided by 14?
13
Let u = -3 - -6. Suppose -10 - 5 = u*f. What is the remainder when (f - -1) + 3 + 32 is divided by 11?
9
Suppose -p = 2*p + 4*h - 109, -h = -5*p + 197. Calculate the remainder when p is divided by 20.
19
What is the remainder when 3 is divided by -3 - (18 + -3)/(-3)?
1
Let p = 7 - 6. Let j = 4 + p. What is the remainder when 17 is divided by j?
2
Let a(g) = -6*g + 5*g + 9*g - g**2. Suppose -2*d = 10, 14 - 3 = 4*z + 5*d. Calculate the remainder when a(4) is divided by z.
7
Suppose 0*k = -3*k + 54. Suppose -i - 31 = -n - 7, n + 2*i - k = 0. What is the remainder when n is divided by 12?
10
Suppose -7*x + 32 = -3*x. What is the remainder when x is divided by 3?
2
Let p be (-4)/(-14) + 2240/49. Let f = 93 - p. Suppose 4*g = -3*t + 52, 3*g + 47 = 3*t + 2*g. Calculate the remainder when f is divided by t.
15
Let a(j) be the third derivative of j**4/24 + 7*j**3/2 + 7*j**2. Calculate the remainder when 71 is divided by a(-9).
11
Let f(z) = -z**2 + 10. Let y be f(0). Let w be (2/8)/(y/40). What is the remainder when 37*(w - -3 - 3) is divided by 13?
11
Let x = -1 - -1. Calculate the remainder when 19 is divided by 7 + 2 + (-2 - x).
5
Suppose -4*h = 3*i - i - 86, 65 = 3*h + i. What is the remainder when 62 is divided by h?
18
Suppose -2*x + 8 + 2 = 0. Calculate the remainder when 8 is divided by x.
3
Suppose -7*q + 11*q - 168 = 0. Let y = q + -25. What is the remainder when y is divided by 6?
5
Let c(l) = l + 2. Calculate the remainder when 19 is divided by c(2).
3
Suppose -4*j = 5*o - 27, 3*j - 19 = o - 6*o. Let z = -8 + j. What is the remainder when 26 is divided by (1 + z)*-1 - -10?
8
Let g(n) = -n**3 + 2*n + 2. Let b be g(-2). Let i be b - (-2)/((-1)/1). Suppose -27 = i*u - 103. What is the remainder when u is divided by 7?
5
Let f be -1 + -2*1 + 6. Let r(p) = 2*p**3 - 4*p**2 + 2*p + 2. Suppose 45 = b + 4*b. Calculate the remainder when r(f) is divided by b.
8
Suppose -3*s = -2*d + 167, -d + 0*s + 61 = 3*s. Calculate the remainder when d is divided by 26.
24
Suppose -2*u - 3*l - 4 = -0*l, 12 = -3*l. Suppose 2*m - 125 = -4*t + 57, -u*m + 223 = 5*t. Calculate the remainder when t is divided by 24.
23
Let c = 3 - -7. Suppose 2*d = 43 - 11. Suppose -22 = -2*i + d. What is the remainder when i is divided by c?
9
Let q(y) = 2*y**2 - 6*y + 5. Let u be q(3). Calculate the remainder when 8 is divided by (u/2)/(10/20).
3
Suppose 34 = 3*x - 2. Suppose -3*z = -4*z + 5, -4*h + 2*z + 170 = 0. What is the remainder when h is divided by x?
9
Suppose 2*b + r = 19, -4*r + 62 - 10 = 5*b. Calculate the remainder when 9 is divided by b.
1
Let s = 9 + 1. Suppose -2*z = -j + 14, z = -3 + 2. What is the remainder when 3/1*116/j is divided by s?
9
Let n be ((-12)/10)/((-3)/10). Suppose -a = 6*m - 3*m - 31, -43 = -n*m - 3*a. Suppose 0 = 7*y - 3*y - 112. What is the remainder when y is divided by m?
8
Suppose 22*v = 21*v + 11. Let p = -3 - -6. Suppose -2*o = p*l - 0*l - 92, -4*l + 122 = 3*o. Calculate the remainder when l is divided by v.
10
What is the remainder when (322/(-7))/(2/(-2)) is divided by 16?
14
Suppose g + 150 = 6*g. Suppose -4*r + 4*z = 72, -3*r - z + 3*z - 53 = 0. Let k = r + 28. Calculate the remainder when g is divided by k.
8
Let l = -6 - -15. Suppose -4*z = -4*b - 3*z + 94, 0 = -2*b + 2*z + 44. What is the remainder when b is divided by l?
6
Let h = 4 - 0. Suppose -2*r = h*g - 26, -3*r = -8*r + g + 21. Suppose -95 = -4*i + r. Calculate the remainder when i is divided by 9.
7
Let a be 6/(-24) - 17/(-4). Let d be 44/7 - 2/7. Suppose d*q - 20 = a*q. Calculate the remainder when 28 is divided by q.
8
Let i = 2 - -19. Let r = 30 + -44. Let o = i + r. Calculate the remainder when 13 is divided by o.
6
Let w be 1 + -3 + 2 - -2. Suppose -3*v = w*v + 2*s - 129, 5*v + 5*s - 135 = 0. What is the remainder when v is divided by 13?
12
Let u be 6880/70 - 4/14. Suppose -2*f + u - 22 = 0. What is the remainder when f is divided by 10?
8
Let h(f) = f**3 - 15*f**2 + 18*f - 13. What is the remainder when h(14) is divided by 9?
7
Suppose 2*b = 231 - 67. What is the remainder when b is divided by 44?
38
What is the remainder when 15 is divided by 3/1*120/36?
5
Let f = 85 + -78. Calculate the remainder when 11 is divided by f.
4
Suppose 75 = -7*h + 411. What is the remainder when h is divided by 13?
9
Suppose g - 12 = -6. Calculate the remainder when g is divided by 6.
0
Suppose 0 = -f - 4*f - 10. Let l(q) = -9*q - 3. Calculate the remainder when 27 is divided by l(f).
12
Let p(i) = -5*i - 16. What is the remainder when 95 is divided by p(-8)?
23
Let z = 19 - 19. Suppose -l + 2*x = -z*x - 12, -3*l - 4 = 4*x. Calculate the remainder when 10 is divided by l.
2
Let s(j) = -j - 3. What is the remainder when 17 is divided by s(-9)?
5
Let o(y) = -y**2 - 9*y + 7. Calculate the remainder when 105 is divided by o(-4).
24
Let q(b) = -b + 2 + b - b. Calculate the remainder when 16 is divided by q(-7).
7
What is the remainder when (11/4)/((-1)/(-52)) is divided by 36?
35
Suppose t + 2 = 3*t. Let x = 0 - -5. Suppose -4*d - q = -2, 4*q = 5*d - x - 8. Calculate the remainder when t is divided by d.
0
Suppose -z - 194 = -3*h - 50, 3*z = 0. Suppose 120 - h = 4*j. Suppose -3*y - 2*y + c = -180, -3*y + 5*c + 130 = 0. What is the remainder when y is divided by j?
17
What is the remainder when -4 + -1 + (-192)/(-4) is divided by 15?
13
Let q = 10 - -6. Suppose u - 53 = -0*r + 5*r, 181 = 3*u - 4*r. What is the rem